 prime factors of 500815?
5, 7, 41, 349
What are the prime factors of 1490610?
2, 3, 5, 11, 4517
List the prime factors of 1924612.
2, 481153
List the prime factors of 2400704.
2, 37511
What are the prime factors of 22280900?
2, 5, 97, 2297
What are the prime factors of 907037?
271, 3347
List the prime factors of 10615568.
2, 241, 2753
List the prime factors of 33650939.
7, 17, 83, 3407
List the prime factors of 1875336.
2, 3, 78139
What are the prime factors of 5047296?
2, 3, 31, 53
List the prime factors of 18524048.
2, 283, 4091
What are the prime factors of 10477200?
2, 3, 5, 8731
List the prime factors of 19048782.
2, 3, 107, 29671
List the prime factors of 7179129.
3, 797681
What are the prime factors of 846687?
3, 282229
List the prime factors of 4744433.
19, 71, 3517
What are the prime factors of 55159?
13, 4243
List the prime factors of 15995374.
2, 547, 14621
List the prime factors of 528790.
2, 5, 52879
What are the prime factors of 1343717?
1343717
What are the prime factors of 6268549?
7, 895507
What are the prime factors of 8237777?
8237777
List the prime factors of 9323393.
9323393
List the prime factors of 41309.
101, 409
List the prime factors of 1475375.
5, 11, 29, 37
What are the prime factors of 21251805?
3, 5, 107, 13241
What are the prime factors of 10362447?
3, 1151383
List the prime factors of 83388.
2, 3, 6949
List the prime factors of 4841444.
2, 41, 53, 557
What are the prime factors of 717852?
2, 3, 163, 367
List the prime factors of 7923409.
13, 29, 21017
What are the prime factors of 7338823?
7338823
What are the prime factors of 10130674?
2, 17, 37, 8053
What are the prime factors of 185554?
2, 19, 257
List the prime factors of 1792350.
2, 3, 5, 7, 569
What are the prime factors of 99073?
13, 7621
List the prime factors of 416261.
197, 2113
List the prime factors of 160212.
2, 3, 13, 79
List the prime factors of 4972974.
2, 3, 828829
List the prime factors of 1813936.
2, 113371
List the prime factors of 8537604.
2, 3, 17, 41851
List the prime factors of 30655.
5, 6131
List the prime factors of 3038383.
67, 101, 449
List the prime factors of 135629.
13, 10433
What are the prime factors of 7572143?
1117, 6779
List the prime factors of 537517.
467, 1151
What are the prime factors of 9303799?
23, 404513
List the prime factors of 1138267.
13, 87559
List the prime factors of 438478.
2, 271, 809
What are the prime factors of 5777190?
2, 3, 5, 21397
What are the prime factors of 1153985?
5, 7, 32971
List the prime factors of 4565481.
3, 131, 11617
What are the prime factors of 3963152?
2, 247697
List the prime factors of 13433032.
2, 29, 57901
What are the prime factors of 1781726?
2, 890863
What are the prime factors of 7185989?
7185989
What are the prime factors of 35987710?
2, 5, 11, 19, 67, 257
List the prime factors of 478283.
13, 36791
List the prime factors of 18030.
2, 3, 5, 601
List the prime factors of 1478541.
3, 17, 53, 547
What are the prime factors of 2689527?
3, 896509
List the prime factors of 2277584.
2, 283, 503
What are the prime factors of 3259466?
2, 7, 232819
What are the prime factors of 671096?
2, 149, 563
What are the prime factors of 225441?
3, 37, 677
What are the prime factors of 1678377?
3, 559459
List the prime factors of 1911635.
5, 11, 34757
What are the prime factors of 21661112?
2, 11, 131, 1879
List the prime factors of 1873917.
3, 208213
What are the prime factors of 1058284?
2, 17, 79, 197
What are the prime factors of 13163872?
2, 411371
List the prime factors of 2800901.
1307, 2143
List the prime factors of 17160509.
41, 67, 6247
What are the prime factors of 7742988?
2, 3, 11, 19553
What are the prime factors of 849509?
19, 44711
List the prime factors of 5128578.
2, 3, 7, 13, 31, 101
List the prime factors of 607069.
19, 89, 359
What are the prime factors of 2572743?
3, 857581
What are the prime factors of 1956637?
1956637
List the prime factors of 146482.
2, 7, 10463
What are the prime factors of 1420911?
3, 17, 37, 251
List the prime factors of 9948691.
41, 167, 1453
What are the prime factors of 3911340?
2, 3, 5, 19, 47, 73
List the prime factors of 211536.
2, 3, 13, 113
What are the prime factors of 27832883?
13, 47, 45553
List the prime factors of 15569090.
2, 5, 1556909
List the prime factors of 2465311.
491, 5021
List the prime factors of 20219080.
2, 5, 7, 72211
List the prime factors of 1815383.
1815383
What are the prime factors of 590038?
2, 47, 6277
List the prime factors of 528920.
2, 5, 7, 1889
What are the prime factors of 6095?
5, 23, 53
What are the prime factors of 5478358?
2, 73, 157, 239
What are the prime factors of 1426655?
5, 29, 9839
List the prime factors of 8934118.
2, 4467059
List the prime factors of 8812175.
5, 67, 5261
List the prime factors of 337509.
3, 37501
What are the prime factors of 18121133?
17, 1065949
List the prime factors of 2296601.
653, 3517
What are the prime factors of 5057289?
3, 97, 1931
What are the prime factors of 245682?
2, 3, 13649
List the prime factors of 32409.
3, 13, 277
List the prime factors of 411216.
2, 3, 13, 659
What are the prime factors of 3134427?
3, 1044809
What are the prime factors of 332682?
2, 3, 7, 89
List the prime factors of 1562179.
809, 1931
List the prime factors of 299424.
2, 3, 3119
List the prime factors of 209747.
137, 1531
List the prime factors of 2196789.
3, 7, 73, 1433
What are the prime factors of 1157157?
3, 19, 67, 101
List the prime factors of 381455.
5, 23, 31, 107
What are the prime factors of 8464098?
2, 3, 1410683
List the prime factors of 240645.
3, 5, 61, 263
What are the prime factors of 7981976?
2, 17, 19, 3089
What are the prime factors of 84888?
2, 3, 131
List the prime factors of 288844.
2, 72211
What are the prime factors of 224770?
2, 5, 7, 13, 19
What are the prime factors of 2103224?
2, 19, 101, 137
What are the prime factors of 104606?
2, 193, 271
What are the prime factors of 2112755?
5, 422551
List the prime factors of 4418686.
2, 2209343
List the prime factors of 598899.
3, 7, 19, 79
What are the prime factors of 1248194?
2, 624097
What are the prime factors of 129690?
2, 3, 5, 11, 131
List the prime factors of 10222600.
2, 5, 79, 647
What are the prime factors of 1976003?
223, 8861
List the prime factors of 334520.
2, 5, 8363
What are the prime factors of 1027818?
2, 3, 11, 29, 179
List the prime factors of 11343.
3, 19, 199
List the prime factors of 676090.
2, 5, 17, 41, 97
What are the prime factors of 1769664?
2, 3, 13, 709
What are the prime factors of 12921662?
2, 13, 163, 3049
List the prime factors of 691217.
677, 1021
List the prime factors of 6829593.
3, 89, 25579
List the prime factors of 8455526.
2, 59, 131, 547
What are the prime factors of 165274?
2, 17, 4861
List the prime factors of 2780983.
89, 31247
What are the prime factors of 43534?
2, 21767
What are the prime factors of 27277214?
2, 17, 37, 21683
What are the prime factors of 632204?
2, 61, 2591
List the prime factors of 9260131.
9260131
What are the prime factors of 12887456?
2, 521, 773
List the prime factors of 33013626.
2, 3, 17, 79, 241
List the prime factors of 1389832.
2, 173729
What are the prime factors of 28064?
2, 877
List the prime factors of 68248.
2, 19, 449
List the prime factors of 21846656.
2, 13, 19, 691
List the prime factors of 4505008.
2, 281563
What are the prime factors of 933486?
2, 3, 155581
What are the prime factors of 9668812?
2, 2417203
List the prime factors of 4420441.
29, 152429
List the prime factors of 4015808.
2, 17, 3691
What are the prime factors of 2744251?
283, 9697
What are the prime factors of 4281142?
2, 233, 9187
What are the prime factors of 3044699?
7, 434957
List the prime factors of 14461367.
3499, 4133
List the prime factors of 4184225.
5, 31, 5399
List the prime factors of 25721574.
2, 3, 4286929
List the prime factors of 7911339.
3, 137, 19249
List the prime factors of 411550.
2, 5, 8231
List the prime factors of 17769469.
53, 335273
List the prime factors of 750764.
2, 7, 26813
What are the prime factors of 376638?
2, 3, 62773
List the prime factors of 416679.
3, 138893
List the prime factors of 10634041.
11, 569, 1699
What are the prime factors of 18883?
23, 821
List the prime factors of 115304.
2, 7, 29, 71
What are the prime factors of 168070?
